169 - 16765. What are the prime factors of r?
2, 3, 29, 73
Suppose 8*t - 7411 = -q + 9*t, 3*t - 29616 = -4*q. List the prime factors of q.
3, 823
Let m be (-92)/(-20) - 6/(-15). Suppose -3*r + r + 7 = 5*y, -m*y + 9 = 4*r. Suppose -r - 19 = -h. List the prime factors of h.
2, 5
Suppose -5*j = -10*p + 142170, 5*p - 91232 + 20111 = -2*j. List the prime factors of p.
14221
Let g(i) = 17*i - 25 - i**2 + 51 - 52. Let m be g(15). Suppose z = 1 + m. What are the prime factors of z?
5
Let v = -484 + -96. List the prime factors of 10 - v - (-2)/2*-1.
19, 31
Suppose 3*k - 12 = 4*r - r, r = -k. Suppose -k*p + 6 + 0 = 0. Suppose m - 41 = -3*t, 0*m - 4*t = -p*m + 188. What are the prime factors of m?
2, 7
Let c(q) = 9*q - 8. Let l be c(1). What are the prime factors of (3 - 3) + 1/(l/106)?
2, 53
Let b(y) = y**3 + y**2 - y + 2. Let w be b(-2). Suppose w = 5*d - 49 - 556. Let p = d - 77. What are the prime factors of p?
2, 11
Let f = 48 - 45. Suppose 3*n + 4*c = c + 2193, f*n - 2194 = -4*c. Suppose -5*i = -n + 215. List the prime factors of i.
103
Suppose 3*n = m - 17598, -482*m + 487*m + 5*n - 87930 = 0. List the prime factors of m.
3, 11, 13, 41
Let j = 440 + -437. Suppose 5*g + 5*l - 1475 = 0, j*g - 887 - 22 = 5*l. List the prime factors of g.
2, 149
Suppose -4*b + 2609 = 3*a - 4676, -4850 = -2*a + 4*b. Suppose 0*y - a = -3*y. List the prime factors of y.
809
Let c = 1088 - 561. List the prime factors of c.
17, 31
Let s(y) be the third derivative of -y**5/10 - 11*y**4/24 + 5*y**3/6 + y**2 + 1. Let z be s(-4). Let q = z + 91. What are the prime factors of q?
2, 11
Let b = 319 + -321. List the prime factors of (-2606)/b*-2*12/(-24).
1303
Let v be (32/20 + -3)*-5. Suppose -9*i = -v*i + 26. What are the prime factors of -3 - 8/(-2) - i?
2, 7
Suppose 2*g - 3*g - 16*g = -243049. List the prime factors of g.
17, 29
Suppose 0 = -4*w - d - 24, -3*w - 2*d = 2*d + 18. Let c be (-27)/5 + w/(-15). List the prime factors of (-6)/((2 + c)*4/84).
2, 3, 7
Let p(m) = 2*m + 64. Let j be p(-21). Suppose j*b = 61133 - 21467. What are the prime factors of b?
3, 601
Let u(w) = 7*w**3 + 4*w**2 + 2*w - 26. Let z be u(6). Suppose 0 = -2*j + f + z + 574, 4*j + 4*f - 4432 = 0. List the prime factors of j.
2, 277
Suppose 5*k - 4 = -x, -k + 5*x = k + 20. Let j be -1 + k + (-106 - -1). Let a = j + 212. List the prime factors of a.
2, 53
Suppose 575097 - 121467 = 15*t. What are the prime factors of t?
2, 15121
Let g(t) = -3*t**2 - t + 3. Let s be g(-2). Let o(j) be the third derivative of -7*j**4/24 - j**3/6 - 10*j**2. What are the prime factors of o(s)?
2, 3
Let k = -8177 + 8302. What are the prime factors of k?
5
Suppose 4*t = 4*c + 4, 3 = 4*t - 7*t - 3*c. Suppose -4*k - 478 = -2*b, 5*b - 2*k + k - 1231 = t. List the prime factors of b.
13, 19
Suppose q - 9*n - 1785 = -4*n, 5*q - 9040 = 2*n. What are the prime factors of q?
2, 5, 181
Let a = -106 + 26. Let v be (-4)/(-5) - 576/a. List the prime factors of (342/5)/(v/20).
3, 19
Let f be 4 + (3 - (-11 + 1)). What are the prime factors of (0 + f)*66/3?
2, 11, 17
Suppose -d - 3*c = -8 - 0, 2*c = -2*d + 12. What are the prime factors of 0 - (d - (640 - -2)) - 4?
3, 211
Let u(o) = -8*o + 759. Let b be u(0). Let z = b - 468. List the prime factors of z.
3, 97
Let j(u) be the third derivative of u**4/3 - 29*u**3/6 - 19*u**2. Let o be j(5). Suppose 3*s - 446 = -o*n + 6*n, 4*n = 4. What are the prime factors of s?
3, 7
Let y(k) = -51*k - 24. Let n be y(-11). Suppose -x - 107 + n = 0. Suppose -z - 5*p + 126 = -p, -3*z + x = -p. What are the prime factors of z?
2, 71
Suppose -181*z + 83028 = -144*z. List the prime factors of z.
2, 3, 11, 17
Let c be (-31276)/16 - (-3)/(-12). Let f = c - -2886. What are the prime factors of f?
7, 19
Let l(x) = -x**3 - 41*x**2 - 41*x + 198. What are the prime factors of l(-41)?
1879
Let g(s) = s**3 - 17*s**2 + 22*s + 9. Let c be g(18). Let x = 402 - c. List the prime factors of x/3*-2 + 0.
2, 109
Suppose -4*z = -3*b + b + 36, 0 = 4*b - 4*z - 56. Suppose 7*d - b - 60 = 0. List the prime factors of 6*(-3)/d*-5.
3
Suppose 3*d + 6 = 0, 3*n + n = 2*d + 12900. Suppose -5*c = -3*f - n, 736 = 2*c + 3*f - 562. List the prime factors of c.
2, 17, 19
Suppose 9 = s + 2*s. Suppose 3*y + s = -27. What are the prime factors of 25/y*(2 - 36)?
5, 17
Let a = -41 - -42. Let m(w) = 391*w + 10. List the prime factors of m(a).
401
Suppose -13*d + 8366 = j - 6*d, 3*j + 3*d = 25098. List the prime factors of j.
2, 47, 89
Suppose 0 = -16*d - 1402 - 2246. List the prime factors of d/(-6*1/4).
2, 19
List the prime factors of (4 - 177)/(19580/(-1030) + 19).
103, 173
Let a = 16034 + -7470. What are the prime factors of a?
2, 2141
Suppose 48*i - 48 - 48 = 0. Suppose i*k - 1603 = -587. List the prime factors of k.
2, 127
Let j = 73 + -45. Suppose -428 = -g - j. List the prime factors of g.
2, 5
Suppose -2*g + 2*w - 4530 = 0, 6*w = 2*g + w + 4545. Let i = -944 - g. List the prime factors of i.
2, 7, 47
Let u(b) = -86*b - 80. Let j(y) = -21*y + 34. Let c be j(2). List the prime factors of u(c).
2, 19
Let u(b) = -3*b - 10. Let a be u(10). Let y = a + 41. List the prime factors of y/(-4) + 843*7/84.
2, 5, 7
Let v(s) = 2*s**2 + 12*s + 11. What are the prime factors of v(24)?
1451
Suppose n = -3*r + 7, r + 1 = -0*r. Let c(z) = 460*z + 125. Let t be c(1). Suppose n*d - 255 = t. What are the prime factors of d?
2, 3, 7
Suppose -t = b - 9, -2*b + 15 = b. Suppose -5*c + 941 = -3*c + 3*s, 2*c + t*s - 944 = 0. What are the prime factors of c?
2, 233
Suppose 0*j + 66*j = 20*j + 785036. List the prime factors of j.
2, 7, 23, 53
Let g = 93 + -241. Let o = g + 83. Let t = o - -262. What are the prime factors of t?
197
Let k(v) = v**2 + 62*v - 210. Let x be k(-66). Suppose 3*a - 4*a - 15 = 0. Let d = x - a. What are the prime factors of d?
3, 23
Suppose -10*v - 21383 = -300583. List the prime factors of v.
2, 5, 349
Suppose -6 = -2*a - 2*p - 2*p, 0 = 5*a - 5*p + 30. List the prime factors of (-9)/(-3) - (3 + 834)/a.
2, 3, 47
Let t(z) = 5694*z + 3849. List the prime factors of t(5).
3, 7, 19
Suppose -5*w = -2*n + 15937, 4*n = -3*w + 1740 + 30173. What are the prime factors of n?
2, 997
Suppose -6*m = 172 - 478. Suppose 20*c + m = 23*c. Suppose c*h - 2051 - 856 = 0. What are the prime factors of h?
3, 19
Let w(x) = 14318*x - 6720. List the prime factors of w(4).
2, 71, 89
Let h = -99 + 49. Let i = 261 + h. What are the prime factors of i?
211
Suppose 2*x + 3*f - 44 = 0, x - 22 = -3*f + 6. Let l be x/9 + (-24)/(-108). Suppose 0 = l*s - 10, 286 = -4*q + 6*q - 4*s. What are the prime factors of q?
3, 17
Suppose -27*z - 3*z = z - 565409. List the prime factors of z.
13, 23, 61
Suppose 3*y - 5*h + 19 = 0, -5*y - 2*h + 4*h = 0. Suppose -3*l - l + 332 = -o, 166 = 2*l - y*o. What are the prime factors of l - (-9)/(36/8)?
5, 17
Suppose 16*d + d - 11798 = 0. Let m = d - 415. List the prime factors of m.
3, 31
Suppose 835100 = 73*q - 38*q. What are the prime factors of q?
2, 5, 1193
Let j be 2/(-15) + 7512/(-360). Let g(m) = 4*m**2 + 43*m + 96. What are the prime factors of g(j)?
3, 11, 29
Suppose 41*p - 1844238 = 34*p - 15*p. What are the prime factors of p?
3, 27943
Suppose -o - 12*w + 8*w + 849 = 0, 4*w + 4125 = 5*o. Let y = 1618 - o. List the prime factors of y.
3, 263
Let x be (-16)/(-6) - (-1)/3. Suppose 0 = -x*g + g + 158. Let z = g + -34. What are the prime factors of z?
3, 5
Suppose -f - 2*i - 522 = i, -f + 4*i - 536 = 0. Let b = 862 + f. List the prime factors of b.
2, 167
Suppose -16*i + 14*i - 10756 = -2*f, 2*i = f - 5376. Suppose 0 = -4*o + x + f, 5*x = -2*o + 2471 + 241. What are the prime factors of o?
2, 673
Let g be 83*1*(-28 - -30). Suppose -l + 7 = x - 0*x, 0 = -5*x + 3*l - 5. Suppose x*t = 564 - g. List the prime factors of t.
199
Suppose -118*d + 112*d - 126 = 0. What are the prime factors of 12/d - 11376/(-14)?
2, 7, 29
Suppose 4*s + 4*z - 16277 = -1061, -3*z = 5*s - 19006. List the prime factors of s.
3797
Suppose 729798 = 44*m + 56159 - 1188793. List the prime factors of m.
2, 11, 13, 37
Let y = -48 + 53. Suppose -a + n + 356 = y*n, -n + 1068 = 3*a. What are the prime factors of a?
2, 89
Let c = 30666 - -4892. What are the prime factors of c?
2, 23, 773
Let r(j) = 758*j - 80. What are the prime factors of r(6)?
2, 1117
Let l = -17 - -42. Let b be 